{"id":7836,"date":"2025-09-18T10:07:13","date_gmt":"2025-09-18T10:07:13","guid":{"rendered":"https:\/\/valuealati.servis-jelic.hr\/?post_type=product&#038;p=7836"},"modified":"2025-10-16T11:18:52","modified_gmt":"2025-10-16T11:18:52","slug":"alat-za-pertlovanje-vft808l-i","status":"publish","type":"product","link":"https:\/\/valuealati.servis-jelic.hr\/index.php\/proizvod\/alat-za-pertlovanje-vft808l-i\/","title":{"rendered":"Alat za pertlovanje VFT808L-I"},"content":{"rendered":"<p>Alat slu\u017ei za pertlovanje mekih bakrenih cijevi, stvaraju\u0107i pro\u0161ireni rub pod kutom od <strong data-start=\"249\" data-end=\"256\">45\u00b0<\/strong>, koji omogu\u0107ava \u010dvrsto i nepropusno spajanje s odgovaraju\u0107im fittingom.<\/p>\n<p><span class=\"Y2IQFc\" lang=\"hr\">Tehni\u010dke specifikacije:<\/span><\/p>\n<ul>\n<li><span class=\"Y2IQFc\" lang=\"hr\">\u00a0Kut pertlovanja 45\u00b0 <\/span><\/li>\n<li><span class=\"Y2IQFc\" lang=\"hr\">\u00a0Podr\u017eane veli\u010dine (vanjski promjer) \u00bc&#8221;, 5\/16&#8243;, 3\/8&#8243;, \u00bd&#8221;, 5\/8&#8243;, 3\/4&#8243;\u00a0 <\/span><\/li>\n<li><span class=\"Y2IQFc\" lang=\"hr\">\u00a0Primjena meke bakrene cijevi (\u201cmeke bakrene cijevi\u201d) <\/span><\/li>\n<li><span class=\"Y2IQFc\" lang=\"hr\">Te\u017eina cca 1,3 kg<\/span><\/li>\n<li>PVC kofer<\/li>\n<\/ul>\n","protected":false},"excerpt":{"rendered":"<p>Alat slu\u017ei za pertlovanje mekih bakrenih cijevi, stvaraju\u0107i pro\u0161ireni rub pod kutom od 45\u00b0, koji omogu\u0107ava \u010dvrsto i nepropusno spajanje s odgovaraju\u0107im fittingom. Tehni\u010dke specifikacije: \u00a0Kut pertlovanja 45\u00b0 \u00a0Podr\u017eane veli\u010dine (vanjski promjer) \u00bc&#8221;, 5\/16&#8243;, 3\/8&#8243;, \u00bd&#8221;, 5\/8&#8243;, 3\/4&#8243;\u00a0 \u00a0Primjena meke bakrene cijevi (\u201cmeke bakrene cijevi\u201d) Te\u017eina cca 1,3 kg PVC kofer<\/p>\n","protected":false},"featured_media":7838,"comment_status":"open","ping_status":"closed","template":"","meta":[],"product_brand":[20],"product_cat":[189],"product_tag":[],"class_list":{"0":"post-7836","1":"product","2":"type-product","3":"status-publish","4":"has-post-thumbnail","6":"product_brand-value","7":"product_cat-alati-za-pertlovanje","9":"first","10":"instock","11":"sale","12":"shipping-taxable","13":"purchasable","14":"product-type-simple"},"jetpack_sharing_enabled":true,"_links":{"self":[{"href":"https:\/\/valuealati.servis-jelic.hr\/index.php\/wp-json\/wp\/v2\/product\/7836","targetHints":{"allow":["GET"]}}],"collection":[{"href":"https:\/\/valuealati.servis-jelic.hr\/index.php\/wp-json\/wp\/v2\/product"}],"about":[{"href":"https:\/\/valuealati.servis-jelic.hr\/index.php\/wp-json\/wp\/v2\/types\/product"}],"replies":[{"embeddable":true,"href":"https:\/\/valuealati.servis-jelic.hr\/index.php\/wp-json\/wp\/v2\/comments?post=7836"}],"wp:featuredmedia":[{"embeddable":true,"href":"https:\/\/valuealati.servis-jelic.hr\/index.php\/wp-json\/wp\/v2\/media\/7838"}],"wp:attachment":[{"href":"https:\/\/valuealati.servis-jelic.hr\/index.php\/wp-json\/wp\/v2\/media?parent=7836"}],"wp:term":[{"taxonomy":"product_brand","embeddable":true,"href":"https:\/\/valuealati.servis-jelic.hr\/index.php\/wp-json\/wp\/v2\/product_brand?post=7836"},{"taxonomy":"product_cat","embeddable":true,"href":"https:\/\/valuealati.servis-jelic.hr\/index.php\/wp-json\/wp\/v2\/product_cat?post=7836"},{"taxonomy":"product_tag","embeddable":true,"href":"https:\/\/valuealati.servis-jelic.hr\/index.php\/wp-json\/wp\/v2\/product_tag?post=7836"}],"curies":[{"name":"wp","href":"https:\/\/api.w.org\/{rel}","templated":true}]}}