{"id":7872,"date":"2025-09-23T06:59:34","date_gmt":"2025-09-23T06:59:34","guid":{"rendered":"https:\/\/valuealati.servis-jelic.hr\/?post_type=product&#038;p=7872"},"modified":"2026-02-27T13:24:09","modified_gmt":"2026-02-27T13:24:09","slug":"rekuperator-value-vrr12n-r32-2","status":"publish","type":"product","link":"https:\/\/valuealati.servis-jelic.hr\/index.php\/proizvod\/rekuperator-value-vrr12n-r32-2\/","title":{"rendered":"Rekuperator VALUE VRR12N R32"},"content":{"rendered":"<p><span class=\"Y2IQFc\" lang=\"hr\">Dizajnirano za obnavljanje HFC i HCFC rashladnih sredstava. Kompatibilno s rashladnim sredstvima kao \u0161to su R32, R1234yf, izme\u0111u ostalih. <\/span><\/p>\n<p><span class=\"Y2IQFc\" lang=\"hr\">Potpuni popis podr\u017eanih rashladnih sredstava: R12, R134a, R1234yf, R401c, R406a, R500, R22, R401a, R401b, R402b, R407c, R407d, R408a, R409a, R502, R509, R134a, R32, R402a, R404a, R407a, R407b, R410a, R454b, R507.<br \/>\n<\/span><\/p>\n<p><span class=\"Y2IQFc\" lang=\"hr\">Klju\u010dne zna\u010dajke:<\/span><\/p>\n<ul>\n<li><span class=\"Y2IQFc\" lang=\"hr\">Vrlo lagana te\u017eina <\/span><\/li>\n<li><span class=\"Y2IQFc\" lang=\"hr\">Br\u017ei oporavak <\/span><\/li>\n<li><span class=\"Y2IQFc\" lang=\"hr\">Veliki ventilator<\/span><\/li>\n<li><span class=\"Y2IQFc\" lang=\"hr\">Kompresor s jednim cilindrom<\/span><\/li>\n<li><span class=\"Y2IQFc\" lang=\"hr\">Funkcija automatskog pro\u010di\u0161\u0107avanja <\/span><\/li>\n<li><span class=\"Y2IQFc\" lang=\"hr\">Jedan gumb za jednostavno upravljanje<\/span><\/li>\n<li><span class=\"Y2IQFc\" lang=\"hr\">(O.F.P. kabel se koristi za spajanje na cilindre opremljene senzorom za\u0161tite od prepunjenosti. Me\u0111utim, takvi cilindri se ne koriste \u010desto na poljskom tr\u017ei\u0161tu.)<\/span><\/li>\n<\/ul>\n<p><a href=\"https:\/\/valuealati.servis-jelic.hr\/wp-content\/uploads\/2025\/09\/UPUTSTVO-ZA-RECIKLAZNU-PUMPU-VRR12N-VRR24N.pdf\">UPUTSTVO ZA RECIKLA\u017dNU PUMPU VRR12N-VRR24N<\/a> <a href=\"https:\/\/valuealati.servis-jelic.hr\/wp-content\/uploads\/2025\/09\/Declaration_of_Conformity-VRR24M-BVRR24M-CVRR24NVRR12N1.pdf\">Declaration_of_Conformity&#8212;VRR24M-BVRR24M-CVRR24NVRR12N1<\/a><\/p>\n<p>&nbsp;<\/p>\n<pre id=\"tw-target-text\" class=\"tw-data-text tw-text-large tw-ta\" dir=\"ltr\" tabindex=\"-1\" role=\"text\" data-placeholder=\"Prijevod\" data-ved=\"2ahUKEwjwod69o-6PAxWA_bsIHYH9CsgQ3ewLegQICxAV\" aria-label=\"Prevedeni tekst: Dizajnirano za obnavljanje HFC i HCFC rashladnih sredstava. Kompatibilno s rashladnim sredstvima kao \u0161to su R32, R1234yf, izme\u0111u ostalih. Potpuni popis podr\u017eanih rashladnih sredstava: R12, R134a, R1234yf, R401c, R406a, R500, R22, R401a, R401b, R402b, R407c, R407d, R408a, R409a, R502, R509, R134a, R32, R402a, R404a, R407a, R407b, R410a, R454b, R507. Klju\u010dne zna\u010dajke: Vrlo lagana te\u017eina Br\u017ei oporavak Veliki ventilator Kompresor s jednim cilindrom Funkcija automatskog pro\u010di\u0161\u0107avanja Jedan gumb za jednostavno upravljanje (O.F.P. kabel se koristi za spajanje na cilindre opremljene senzorom za\u0161tite od prepunjenosti. Me\u0111utim, takvi cilindri se ne koriste \u010desto na poljskom tr\u017ei\u0161tu.)\"><\/pre>\n","protected":false},"excerpt":{"rendered":"<p>Dizajnirano za obnavljanje HFC i HCFC rashladnih sredstava. Kompatibilno s rashladnim sredstvima kao \u0161to su R32, R1234yf, izme\u0111u ostalih. Potpuni popis podr\u017eanih rashladnih sredstava: R12, R134a, R1234yf, R401c, R406a, R500, R22, R401a, R401b, R402b, R407c, R407d, R408a, R409a, R502, R509, R134a, R32, R402a, R404a, R407a, R407b, R410a, R454b, R507. Klju\u010dne zna\u010dajke: Vrlo lagana te\u017eina Br\u017ei [&hellip;]<\/p>\n","protected":false},"featured_media":7873,"comment_status":"open","ping_status":"closed","template":"","meta":[],"product_brand":[20],"product_cat":[190,18],"product_tag":[],"class_list":{"0":"post-7872","1":"product","2":"type-product","3":"status-publish","4":"has-post-thumbnail","6":"product_brand-value","7":"product_cat-bez-separatora-ulja","8":"product_cat-uredaj-za-rekuperaciju-rashladnog-sredstva-value","10":"first","11":"instock","12":"sale","13":"shipping-taxable","14":"purchasable","15":"product-type-simple"},"jetpack_sharing_enabled":true,"_links":{"self":[{"href":"https:\/\/valuealati.servis-jelic.hr\/index.php\/wp-json\/wp\/v2\/product\/7872","targetHints":{"allow":["GET"]}}],"collection":[{"href":"https:\/\/valuealati.servis-jelic.hr\/index.php\/wp-json\/wp\/v2\/product"}],"about":[{"href":"https:\/\/valuealati.servis-jelic.hr\/index.php\/wp-json\/wp\/v2\/types\/product"}],"replies":[{"embeddable":true,"href":"https:\/\/valuealati.servis-jelic.hr\/index.php\/wp-json\/wp\/v2\/comments?post=7872"}],"wp:featuredmedia":[{"embeddable":true,"href":"https:\/\/valuealati.servis-jelic.hr\/index.php\/wp-json\/wp\/v2\/media\/7873"}],"wp:attachment":[{"href":"https:\/\/valuealati.servis-jelic.hr\/index.php\/wp-json\/wp\/v2\/media?parent=7872"}],"wp:term":[{"taxonomy":"product_brand","embeddable":true,"href":"https:\/\/valuealati.servis-jelic.hr\/index.php\/wp-json\/wp\/v2\/product_brand?post=7872"},{"taxonomy":"product_cat","embeddable":true,"href":"https:\/\/valuealati.servis-jelic.hr\/index.php\/wp-json\/wp\/v2\/product_cat?post=7872"},{"taxonomy":"product_tag","embeddable":true,"href":"https:\/\/valuealati.servis-jelic.hr\/index.php\/wp-json\/wp\/v2\/product_tag?post=7872"}],"curies":[{"name":"wp","href":"https:\/\/api.w.org\/{rel}","templated":true}]}}