{"id":7887,"date":"2025-09-23T13:18:40","date_gmt":"2025-09-23T13:18:40","guid":{"rendered":"https:\/\/valuealati.servis-jelic.hr\/?post_type=product&#038;p=7887"},"modified":"2025-11-26T10:42:13","modified_gmt":"2025-11-26T10:42:13","slug":"vakuum-pumpa-value-v-i120sv-r32","status":"publish","type":"product","link":"https:\/\/valuealati.servis-jelic.hr\/index.php\/proizvod\/vakuum-pumpa-value-v-i120sv-r32\/","title":{"rendered":"Vakuum pumpa VALUE V-i120SV R32"},"content":{"rendered":"<p>V-i120-R32 omogu\u0107ava brzo postizanje vakuuma i time skra\u0107uje ukupno vrijeme servisiranja.<\/p>\n<p>Pumpa je opremljena\u00a0ugra\u0111enim vakuumetrom\u00a0koji omogu\u0107ava jasno i precizno pra\u0107enje procesa vakuumiranja, \u010dime se olak\u0161ava nadzor i osigurava to\u010dnost u svakom koraku rada. S\u00a0protokom od 51 litru u minuti<\/p>\n<p>posebno je optimizirana za rad s rashladnim medijima R32 i R1234yf.<\/p>\n<p>Glavne zna\u010dajke:<\/p>\n<ul>\n<li>Protok &#8211; 51l\/min<\/li>\n<li>Najni\u017ei vakuum (ultimate vacuum) -2 Pa \/ 150 mikrona<\/li>\n<li>Snaga motora &#8211; 0,18 kW (~0,25 HP)<\/li>\n<li>Broj stupnjeva kompresije &#8211; jednostupanjska<\/li>\n<\/ul>\n","protected":false},"excerpt":{"rendered":"<p>V-i120-R32 omogu\u0107ava brzo postizanje vakuuma i time skra\u0107uje ukupno vrijeme servisiranja. Pumpa je opremljena\u00a0ugra\u0111enim vakuumetrom\u00a0koji omogu\u0107ava jasno i precizno pra\u0107enje procesa vakuumiranja, \u010dime se olak\u0161ava nadzor i osigurava to\u010dnost u svakom koraku rada. S\u00a0protokom od 51 litru u minuti posebno je optimizirana za rad s rashladnim medijima R32 i R1234yf. Glavne zna\u010dajke: Protok &#8211; 51l\/min [&hellip;]<\/p>\n","protected":false},"featured_media":7888,"comment_status":"open","ping_status":"closed","template":"","meta":[],"product_brand":[20],"product_cat":[19,21],"product_tag":[],"class_list":{"0":"post-7887","1":"product","2":"type-product","3":"status-publish","4":"has-post-thumbnail","6":"product_brand-value","7":"product_cat-jednostupanjske-vakuum-pumpe","8":"product_cat-vakuum-pumpe","10":"first","11":"instock","12":"sale","13":"shipping-taxable","14":"purchasable","15":"product-type-simple"},"jetpack_sharing_enabled":true,"_links":{"self":[{"href":"https:\/\/valuealati.servis-jelic.hr\/index.php\/wp-json\/wp\/v2\/product\/7887","targetHints":{"allow":["GET"]}}],"collection":[{"href":"https:\/\/valuealati.servis-jelic.hr\/index.php\/wp-json\/wp\/v2\/product"}],"about":[{"href":"https:\/\/valuealati.servis-jelic.hr\/index.php\/wp-json\/wp\/v2\/types\/product"}],"replies":[{"embeddable":true,"href":"https:\/\/valuealati.servis-jelic.hr\/index.php\/wp-json\/wp\/v2\/comments?post=7887"}],"wp:featuredmedia":[{"embeddable":true,"href":"https:\/\/valuealati.servis-jelic.hr\/index.php\/wp-json\/wp\/v2\/media\/7888"}],"wp:attachment":[{"href":"https:\/\/valuealati.servis-jelic.hr\/index.php\/wp-json\/wp\/v2\/media?parent=7887"}],"wp:term":[{"taxonomy":"product_brand","embeddable":true,"href":"https:\/\/valuealati.servis-jelic.hr\/index.php\/wp-json\/wp\/v2\/product_brand?post=7887"},{"taxonomy":"product_cat","embeddable":true,"href":"https:\/\/valuealati.servis-jelic.hr\/index.php\/wp-json\/wp\/v2\/product_cat?post=7887"},{"taxonomy":"product_tag","embeddable":true,"href":"https:\/\/valuealati.servis-jelic.hr\/index.php\/wp-json\/wp\/v2\/product_tag?post=7887"}],"curies":[{"name":"wp","href":"https:\/\/api.w.org\/{rel}","templated":true}]}}