{"id":7945,"date":"2025-09-26T07:30:00","date_gmt":"2025-09-26T07:30:00","guid":{"rendered":"https:\/\/valuealati.servis-jelic.hr\/?post_type=product&#038;p=7945"},"modified":"2026-03-31T13:10:07","modified_gmt":"2026-03-31T13:10:07","slug":"vakuum-pumpa-value-vrp-15d","status":"publish","type":"product","link":"https:\/\/valuealati.servis-jelic.hr\/index.php\/proizvod\/vakuum-pumpa-value-vrp-15d\/","title":{"rendered":"Vakuum pumpa VALUE VRP-15D"},"content":{"rendered":"<p>Dvostupanjska vakuumska pumpa VRP-15D VALUE dizajnirana za rashladna sredstva iz HFC i HFO skupina (npr. R32).<\/p>\n<p>Glavne zna\u010dajke:<\/p>\n<ul>\n<li>dvostupanjska<\/li>\n<li>dizajnirana za velike komercijalne rashladne sustave i opse\u017ene klimatizacijske sustave<\/li>\n<li>veliki i prozirni otvor za inspekciju ulja<\/li>\n<li>istosmjerni motor<\/li>\n<li>ugra\u0111eni solenoidni ventil koji odr\u017eava vakuum i sprje\u010dava povrat ulja u sustav<\/li>\n<li>visokou\u010dinkoviti filter uljne magle<\/li>\n<li>dizajn bez iskrenja<\/li>\n<li>pogodan za R32 plinski balastni ventil \u2013 sprje\u010dava ulazak vlage u ulje pumpe<\/li>\n<\/ul>\n<p><a href=\"https:\/\/valuealati.servis-jelic.hr\/wp-content\/uploads\/2025\/09\/VRP-Dv-Di_CE_PL-3079.pdf\">VRP-Dv-Di_CE_PL-3079<\/a><\/p>\n<p><a href=\"https:\/\/valuealati.servis-jelic.hr\/wp-content\/uploads\/2025\/09\/15081-UPUTSTVO-ZA-VAKUUM-PUMPU-VALUE-VRP15D.pdf\">15081 UPUTSTVO ZA VAKUUM PUMPU VALUE VRP15D<\/a><\/p>\n","protected":false},"excerpt":{"rendered":"<p>Dvostupanjska vakuumska pumpa VRP-15D VALUE dizajnirana za rashladna sredstva iz HFC i HFO skupina (npr. R32). Glavne zna\u010dajke: dvostupanjska dizajnirana za velike komercijalne rashladne sustave i opse\u017ene klimatizacijske sustave veliki i prozirni otvor za inspekciju ulja istosmjerni motor ugra\u0111eni solenoidni ventil koji odr\u017eava vakuum i sprje\u010dava povrat ulja u sustav visokou\u010dinkoviti filter uljne magle dizajn [&hellip;]<\/p>\n","protected":false},"featured_media":7946,"comment_status":"open","ping_status":"closed","template":"","meta":[],"product_brand":[20],"product_cat":[21,193],"product_tag":[],"class_list":{"0":"post-7945","1":"product","2":"type-product","3":"status-publish","4":"has-post-thumbnail","6":"product_brand-value","7":"product_cat-vakuum-pumpe","8":"product_cat-vrp-navtek-vakuum-pumpe","10":"first","11":"instock","12":"sale","13":"shipping-taxable","14":"purchasable","15":"product-type-simple"},"jetpack_sharing_enabled":true,"_links":{"self":[{"href":"https:\/\/valuealati.servis-jelic.hr\/index.php\/wp-json\/wp\/v2\/product\/7945","targetHints":{"allow":["GET"]}}],"collection":[{"href":"https:\/\/valuealati.servis-jelic.hr\/index.php\/wp-json\/wp\/v2\/product"}],"about":[{"href":"https:\/\/valuealati.servis-jelic.hr\/index.php\/wp-json\/wp\/v2\/types\/product"}],"replies":[{"embeddable":true,"href":"https:\/\/valuealati.servis-jelic.hr\/index.php\/wp-json\/wp\/v2\/comments?post=7945"}],"wp:featuredmedia":[{"embeddable":true,"href":"https:\/\/valuealati.servis-jelic.hr\/index.php\/wp-json\/wp\/v2\/media\/7946"}],"wp:attachment":[{"href":"https:\/\/valuealati.servis-jelic.hr\/index.php\/wp-json\/wp\/v2\/media?parent=7945"}],"wp:term":[{"taxonomy":"product_brand","embeddable":true,"href":"https:\/\/valuealati.servis-jelic.hr\/index.php\/wp-json\/wp\/v2\/product_brand?post=7945"},{"taxonomy":"product_cat","embeddable":true,"href":"https:\/\/valuealati.servis-jelic.hr\/index.php\/wp-json\/wp\/v2\/product_cat?post=7945"},{"taxonomy":"product_tag","embeddable":true,"href":"https:\/\/valuealati.servis-jelic.hr\/index.php\/wp-json\/wp\/v2\/product_tag?post=7945"}],"curies":[{"name":"wp","href":"https:\/\/api.w.org\/{rel}","templated":true}]}}