{"id":7949,"date":"2025-09-26T07:59:16","date_gmt":"2025-09-26T07:59:16","guid":{"rendered":"https:\/\/valuealati.servis-jelic.hr\/?post_type=product&#038;p=7949"},"modified":"2026-02-27T13:16:07","modified_gmt":"2026-02-27T13:16:07","slug":"vakuum-pumpa-value-va3-p7-ex","status":"publish","type":"product","link":"https:\/\/valuealati.servis-jelic.hr\/index.php\/proizvod\/vakuum-pumpa-value-va3-p7-ex\/","title":{"rendered":"Vakuum pumpa VALUE VA3-P7-EX"},"content":{"rendered":"<p><span class=\"Y2IQFc\" lang=\"hr\">Dvostupanjska vakuumska pumpa VA3-P7-EX VALUE dizajnirana za kori\u0161tenje s HFC, HFO, A1, A2L, A2 i A3 rashladnim sredstvima. <\/span><\/p>\n<p><span class=\"Y2IQFc\" lang=\"hr\">Glavne zna\u010dajke:<\/span><\/p>\n<ul>\n<li><span class=\"Y2IQFc\" lang=\"hr\">dvostupanjski dizajn <\/span><\/li>\n<li><span class=\"Y2IQFc\" lang=\"hr\">kompatibilnost s R290, R600a i drugima <\/span><\/li>\n<li><span class=\"Y2IQFc\" lang=\"hr\">opremljena za\u0161titom od iskrenja Certificirano prema ATEX CSANe 22ATEX1160X <\/span><\/li>\n<li><span class=\"Y2IQFc\" lang=\"hr\">veliki prozor\u010di\u0107 za provjeru razine ulja ventil za plinski balast<\/span><\/li>\n<li><span class=\"Y2IQFc\" lang=\"hr\">sprje\u010dava ulazak vlage u ulje pumpe<\/span><\/li>\n<\/ul>\n<p><a href=\"https:\/\/valuealati.servis-jelic.hr\/wp-content\/uploads\/2025\/09\/UPUTSTVO-ZA-VAKUUM-PUMPU-VALUE-VA3-PA7-EX-R290-1.pdf\">UPUTSTVO ZA VAKUUM PUMPU VALUE VA3-PA7-EX R290 (1)<\/a> <a href=\"https:\/\/valuealati.servis-jelic.hr\/wp-content\/uploads\/2025\/09\/VA3-P7-EX_Declaration_of_Conformity.pdf\">VA3-P7-EX_Declaration_of_Conformity<\/a><\/p>\n","protected":false},"excerpt":{"rendered":"<p>Dvostupanjska vakuumska pumpa VA3-P7-EX VALUE dizajnirana za kori\u0161tenje s HFC, HFO, A1, A2L, A2 i A3 rashladnim sredstvima. Glavne zna\u010dajke: dvostupanjski dizajn kompatibilnost s R290, R600a i drugima opremljena za\u0161titom od iskrenja Certificirano prema ATEX CSANe 22ATEX1160X veliki prozor\u010di\u0107 za provjeru razine ulja ventil za plinski balast sprje\u010dava ulazak vlage u ulje pumpe UPUTSTVO ZA [&hellip;]<\/p>\n","protected":false},"featured_media":7950,"comment_status":"open","ping_status":"closed","template":"","meta":[],"product_brand":[20],"product_cat":[192,193],"product_tag":[],"class_list":{"0":"post-7949","1":"product","2":"type-product","3":"status-publish","4":"has-post-thumbnail","6":"product_brand-value","7":"product_cat-dvostupanjske-vakuum-pumpe","8":"product_cat-vrp-navtek-vakuum-pumpe","10":"first","11":"instock","12":"sale","13":"shipping-taxable","14":"purchasable","15":"product-type-simple"},"jetpack_sharing_enabled":true,"_links":{"self":[{"href":"https:\/\/valuealati.servis-jelic.hr\/index.php\/wp-json\/wp\/v2\/product\/7949","targetHints":{"allow":["GET"]}}],"collection":[{"href":"https:\/\/valuealati.servis-jelic.hr\/index.php\/wp-json\/wp\/v2\/product"}],"about":[{"href":"https:\/\/valuealati.servis-jelic.hr\/index.php\/wp-json\/wp\/v2\/types\/product"}],"replies":[{"embeddable":true,"href":"https:\/\/valuealati.servis-jelic.hr\/index.php\/wp-json\/wp\/v2\/comments?post=7949"}],"wp:featuredmedia":[{"embeddable":true,"href":"https:\/\/valuealati.servis-jelic.hr\/index.php\/wp-json\/wp\/v2\/media\/7950"}],"wp:attachment":[{"href":"https:\/\/valuealati.servis-jelic.hr\/index.php\/wp-json\/wp\/v2\/media?parent=7949"}],"wp:term":[{"taxonomy":"product_brand","embeddable":true,"href":"https:\/\/valuealati.servis-jelic.hr\/index.php\/wp-json\/wp\/v2\/product_brand?post=7949"},{"taxonomy":"product_cat","embeddable":true,"href":"https:\/\/valuealati.servis-jelic.hr\/index.php\/wp-json\/wp\/v2\/product_cat?post=7949"},{"taxonomy":"product_tag","embeddable":true,"href":"https:\/\/valuealati.servis-jelic.hr\/index.php\/wp-json\/wp\/v2\/product_tag?post=7949"}],"curies":[{"name":"wp","href":"https:\/\/api.w.org\/{rel}","templated":true}]}}