{"id":7959,"date":"2025-09-26T08:37:21","date_gmt":"2025-09-26T08:37:21","guid":{"rendered":"https:\/\/valuealati.servis-jelic.hr\/?post_type=product&#038;p=7959"},"modified":"2025-09-26T08:37:21","modified_gmt":"2025-09-26T08:37:21","slug":"komplet-alata-vtb-8c-ruksak","status":"publish","type":"product","link":"https:\/\/valuealati.servis-jelic.hr\/index.php\/proizvod\/komplet-alata-vtb-8c-ruksak\/","title":{"rendered":"Komplet alata VTB-8C + ruksak"},"content":{"rendered":"<p><span class=\"Y2IQFc\" lang=\"hr\">Komplet alata u prakti\u010dnom ruksaku. <\/span><\/p>\n<p><span class=\"Y2IQFc\" lang=\"hr\">Oprema seta:<\/span><\/p>\n<ul>\n<li><span class=\"Y2IQFc\" lang=\"hr\">alat za pro\u0161irenje cijevi u in\u010dima VFT-808-I <\/span><\/li>\n<li><span class=\"Y2IQFc\" lang=\"hr\">reza\u010d cijevi VTC-32 <\/span><\/li>\n<li><span class=\"Y2IQFc\" lang=\"hr\">manometar VMG-2-R410A s crijevima<\/span><\/li>\n<li><span class=\"Y2IQFc\" lang=\"hr\">skida\u010d neravnina VTT-5 <\/span><\/li>\n<li><span class=\"Y2IQFc\" lang=\"hr\">ekspander VST-22 <\/span><\/li>\n<li><span class=\"Y2IQFc\" lang=\"hr\">amper klije\u0161ta VMC-1<\/span><\/li>\n<li><span class=\"Y2IQFc\" lang=\"hr\">klju\u010devi s ra\u010dvama VRT-201 i VRT-202<\/span><\/li>\n<\/ul>\n","protected":false},"excerpt":{"rendered":"<p>Komplet alata u prakti\u010dnom ruksaku. Oprema seta: alat za pro\u0161irenje cijevi u in\u010dima VFT-808-I reza\u010d cijevi VTC-32 manometar VMG-2-R410A s crijevima skida\u010d neravnina VTT-5 ekspander VST-22 amper klije\u0161ta VMC-1 klju\u010devi s ra\u010dvama VRT-201 i VRT-202<\/p>\n","protected":false},"featured_media":7960,"comment_status":"open","ping_status":"closed","template":"","meta":[],"product_brand":[20],"product_cat":[194],"product_tag":[],"class_list":{"0":"post-7959","1":"product","2":"type-product","3":"status-publish","4":"has-post-thumbnail","6":"product_brand-value","7":"product_cat-komplet-alata-value","9":"first","10":"instock","11":"sale","12":"shipping-taxable","13":"purchasable","14":"product-type-simple"},"jetpack_sharing_enabled":true,"_links":{"self":[{"href":"https:\/\/valuealati.servis-jelic.hr\/index.php\/wp-json\/wp\/v2\/product\/7959","targetHints":{"allow":["GET"]}}],"collection":[{"href":"https:\/\/valuealati.servis-jelic.hr\/index.php\/wp-json\/wp\/v2\/product"}],"about":[{"href":"https:\/\/valuealati.servis-jelic.hr\/index.php\/wp-json\/wp\/v2\/types\/product"}],"replies":[{"embeddable":true,"href":"https:\/\/valuealati.servis-jelic.hr\/index.php\/wp-json\/wp\/v2\/comments?post=7959"}],"wp:featuredmedia":[{"embeddable":true,"href":"https:\/\/valuealati.servis-jelic.hr\/index.php\/wp-json\/wp\/v2\/media\/7960"}],"wp:attachment":[{"href":"https:\/\/valuealati.servis-jelic.hr\/index.php\/wp-json\/wp\/v2\/media?parent=7959"}],"wp:term":[{"taxonomy":"product_brand","embeddable":true,"href":"https:\/\/valuealati.servis-jelic.hr\/index.php\/wp-json\/wp\/v2\/product_brand?post=7959"},{"taxonomy":"product_cat","embeddable":true,"href":"https:\/\/valuealati.servis-jelic.hr\/index.php\/wp-json\/wp\/v2\/product_cat?post=7959"},{"taxonomy":"product_tag","embeddable":true,"href":"https:\/\/valuealati.servis-jelic.hr\/index.php\/wp-json\/wp\/v2\/product_tag?post=7959"}],"curies":[{"name":"wp","href":"https:\/\/api.w.org\/{rel}","templated":true}]}}