{"id":7985,"date":"2025-09-29T09:29:13","date_gmt":"2025-09-29T09:29:13","guid":{"rendered":"https:\/\/valuealati.servis-jelic.hr\/?post_type=product&#038;p=7985"},"modified":"2025-09-29T09:29:13","modified_gmt":"2025-09-29T09:29:13","slug":"manometar-value-vmg-1-s-l","status":"publish","type":"product","link":"https:\/\/valuealati.servis-jelic.hr\/index.php\/proizvod\/manometar-value-vmg-1-s-l\/","title":{"rendered":"Manometar VALUE VMG-1-S-L"},"content":{"rendered":"<p><span class=\"Y2IQFc\" lang=\"hr\">Jednostruki niskotla\u010dni manometar VALUE dizajniran za rashladne sustave i klimatizaciju. <\/span><\/p>\n<p><span class=\"Y2IQFc\" lang=\"hr\">Glavne zna\u010dajke: <\/span><\/p>\n<ul>\n<li><span class=\"Y2IQFc\" lang=\"hr\">precizni stupanj mjera\u010da &#8211; 1,6<\/span><\/li>\n<li><span class=\"Y2IQFc\" lang=\"hr\">ku\u0107i\u0161te \u0161titi od o\u0161te\u0107enja <\/span><\/li>\n<li><span class=\"Y2IQFc\" lang=\"hr\">kontrolno staklo<\/span><\/li>\n<li><span class=\"Y2IQFc\" lang=\"hr\">metalna konstrukcija pove\u0107ava \u010dvrsto\u0107u<\/span><\/li>\n<\/ul>\n","protected":false},"excerpt":{"rendered":"<p>Jednostruki niskotla\u010dni manometar VALUE dizajniran za rashladne sustave i klimatizaciju. Glavne zna\u010dajke: precizni stupanj mjera\u010da &#8211; 1,6 ku\u0107i\u0161te \u0161titi od o\u0161te\u0107enja kontrolno staklo metalna konstrukcija pove\u0107ava \u010dvrsto\u0107u<\/p>\n","protected":false},"featured_media":7988,"comment_status":"open","ping_status":"closed","template":"","meta":[],"product_brand":[20],"product_cat":[195,196],"product_tag":[],"class_list":{"0":"post-7985","1":"product","2":"type-product","3":"status-publish","4":"has-post-thumbnail","6":"product_brand-value","7":"product_cat-manometri","8":"product_cat-mehanicki-manometri","10":"first","11":"instock","12":"sale","13":"shipping-taxable","14":"purchasable","15":"product-type-simple"},"jetpack_sharing_enabled":true,"_links":{"self":[{"href":"https:\/\/valuealati.servis-jelic.hr\/index.php\/wp-json\/wp\/v2\/product\/7985","targetHints":{"allow":["GET"]}}],"collection":[{"href":"https:\/\/valuealati.servis-jelic.hr\/index.php\/wp-json\/wp\/v2\/product"}],"about":[{"href":"https:\/\/valuealati.servis-jelic.hr\/index.php\/wp-json\/wp\/v2\/types\/product"}],"replies":[{"embeddable":true,"href":"https:\/\/valuealati.servis-jelic.hr\/index.php\/wp-json\/wp\/v2\/comments?post=7985"}],"wp:featuredmedia":[{"embeddable":true,"href":"https:\/\/valuealati.servis-jelic.hr\/index.php\/wp-json\/wp\/v2\/media\/7988"}],"wp:attachment":[{"href":"https:\/\/valuealati.servis-jelic.hr\/index.php\/wp-json\/wp\/v2\/media?parent=7985"}],"wp:term":[{"taxonomy":"product_brand","embeddable":true,"href":"https:\/\/valuealati.servis-jelic.hr\/index.php\/wp-json\/wp\/v2\/product_brand?post=7985"},{"taxonomy":"product_cat","embeddable":true,"href":"https:\/\/valuealati.servis-jelic.hr\/index.php\/wp-json\/wp\/v2\/product_cat?post=7985"},{"taxonomy":"product_tag","embeddable":true,"href":"https:\/\/valuealati.servis-jelic.hr\/index.php\/wp-json\/wp\/v2\/product_tag?post=7985"}],"curies":[{"name":"wp","href":"https:\/\/api.w.org\/{rel}","templated":true}]}}