{"id":8068,"date":"2025-10-01T12:19:13","date_gmt":"2025-10-01T12:19:13","guid":{"rendered":"https:\/\/valuealati.servis-jelic.hr\/?post_type=product&#038;p=8068"},"modified":"2025-10-01T12:30:08","modified_gmt":"2025-10-01T12:30:08","slug":"multimetar-value-vdm-151b","status":"publish","type":"product","link":"https:\/\/valuealati.servis-jelic.hr\/index.php\/proizvod\/multimetar-value-vdm-151b\/","title":{"rendered":"Multimetar VALUE VDM-151B"},"content":{"rendered":"<p><span class=\"Y2IQFc\" lang=\"hr\">Digitalni multimetri VDM-151B VALUE.<\/span><\/p>\n<p><span class=\"Y2IQFc\" lang=\"hr\">Glavne zna\u010dajke: <\/span><\/p>\n<ul>\n<li><span class=\"Y2IQFc\" lang=\"hr\">NCV<\/span><\/li>\n<li><span class=\"Y2IQFc\" lang=\"hr\">30 razli\u010ditih mjernih raspona <\/span><\/li>\n<li><span class=\"Y2IQFc\" lang=\"hr\">za\u0161tita od preoptere\u0107enja za cijeli raspon <\/span><\/li>\n<li><span class=\"Y2IQFc\" lang=\"hr\">funkcija zadr\u017eavanja vrijednosti na zaslonu<\/span><\/li>\n<\/ul>\n","protected":false},"excerpt":{"rendered":"<p>Digitalni multimetri VDM-151B VALUE. Glavne zna\u010dajke: NCV 30 razli\u010ditih mjernih raspona za\u0161tita od preoptere\u0107enja za cijeli raspon funkcija zadr\u017eavanja vrijednosti na zaslonu<\/p>\n","protected":false},"featured_media":8072,"comment_status":"open","ping_status":"closed","template":"","meta":[],"product_brand":[20],"product_cat":[201],"product_tag":[],"class_list":{"0":"post-8068","1":"product","2":"type-product","3":"status-publish","4":"has-post-thumbnail","6":"product_brand-value","7":"product_cat-mjerni-alati-value","9":"first","10":"instock","11":"sale","12":"shipping-taxable","13":"purchasable","14":"product-type-simple"},"jetpack_sharing_enabled":true,"_links":{"self":[{"href":"https:\/\/valuealati.servis-jelic.hr\/index.php\/wp-json\/wp\/v2\/product\/8068","targetHints":{"allow":["GET"]}}],"collection":[{"href":"https:\/\/valuealati.servis-jelic.hr\/index.php\/wp-json\/wp\/v2\/product"}],"about":[{"href":"https:\/\/valuealati.servis-jelic.hr\/index.php\/wp-json\/wp\/v2\/types\/product"}],"replies":[{"embeddable":true,"href":"https:\/\/valuealati.servis-jelic.hr\/index.php\/wp-json\/wp\/v2\/comments?post=8068"}],"wp:featuredmedia":[{"embeddable":true,"href":"https:\/\/valuealati.servis-jelic.hr\/index.php\/wp-json\/wp\/v2\/media\/8072"}],"wp:attachment":[{"href":"https:\/\/valuealati.servis-jelic.hr\/index.php\/wp-json\/wp\/v2\/media?parent=8068"}],"wp:term":[{"taxonomy":"product_brand","embeddable":true,"href":"https:\/\/valuealati.servis-jelic.hr\/index.php\/wp-json\/wp\/v2\/product_brand?post=8068"},{"taxonomy":"product_cat","embeddable":true,"href":"https:\/\/valuealati.servis-jelic.hr\/index.php\/wp-json\/wp\/v2\/product_cat?post=8068"},{"taxonomy":"product_tag","embeddable":true,"href":"https:\/\/valuealati.servis-jelic.hr\/index.php\/wp-json\/wp\/v2\/product_tag?post=8068"}],"curies":[{"name":"wp","href":"https:\/\/api.w.org\/{rel}","templated":true}]}}