{"id":8090,"date":"2025-10-01T13:09:27","date_gmt":"2025-10-01T13:09:27","guid":{"rendered":"https:\/\/valuealati.servis-jelic.hr\/?post_type=product&#038;p=8090"},"modified":"2025-10-01T13:09:27","modified_gmt":"2025-10-01T13:09:27","slug":"mjerac-buke-vms-1-value","status":"publish","type":"product","link":"https:\/\/valuealati.servis-jelic.hr\/index.php\/proizvod\/mjerac-buke-vms-1-value\/","title":{"rendered":"Mjera\u010d buke VMS-1 VALUE"},"content":{"rendered":"<p>Mjera\u010d razine zvuka VMS-1 VALUE.<\/p>\n<p>Glavne zna\u010dajke:<\/p>\n<ul>\n<li>veliki zaslon s pozadinskim osvjetljenjem<\/li>\n<li>visokokvalitetni kondenzatorski mikrofon<\/li>\n<li>\u0161iroki raspon mjerenja (31,5 Hz &#8211; 8 kHz)<\/li>\n<\/ul>\n","protected":false},"excerpt":{"rendered":"<p>Mjera\u010d razine zvuka VMS-1 VALUE. Glavne zna\u010dajke: veliki zaslon s pozadinskim osvjetljenjem visokokvalitetni kondenzatorski mikrofon \u0161iroki raspon mjerenja (31,5 Hz &#8211; 8 kHz)<\/p>\n","protected":false},"featured_media":8092,"comment_status":"open","ping_status":"closed","template":"","meta":[],"product_brand":[20],"product_cat":[201],"product_tag":[],"class_list":{"0":"post-8090","1":"product","2":"type-product","3":"status-publish","4":"has-post-thumbnail","6":"product_brand-value","7":"product_cat-mjerni-alati-value","9":"first","10":"instock","11":"sale","12":"shipping-taxable","13":"purchasable","14":"product-type-simple"},"jetpack_sharing_enabled":true,"_links":{"self":[{"href":"https:\/\/valuealati.servis-jelic.hr\/index.php\/wp-json\/wp\/v2\/product\/8090","targetHints":{"allow":["GET"]}}],"collection":[{"href":"https:\/\/valuealati.servis-jelic.hr\/index.php\/wp-json\/wp\/v2\/product"}],"about":[{"href":"https:\/\/valuealati.servis-jelic.hr\/index.php\/wp-json\/wp\/v2\/types\/product"}],"replies":[{"embeddable":true,"href":"https:\/\/valuealati.servis-jelic.hr\/index.php\/wp-json\/wp\/v2\/comments?post=8090"}],"wp:featuredmedia":[{"embeddable":true,"href":"https:\/\/valuealati.servis-jelic.hr\/index.php\/wp-json\/wp\/v2\/media\/8092"}],"wp:attachment":[{"href":"https:\/\/valuealati.servis-jelic.hr\/index.php\/wp-json\/wp\/v2\/media?parent=8090"}],"wp:term":[{"taxonomy":"product_brand","embeddable":true,"href":"https:\/\/valuealati.servis-jelic.hr\/index.php\/wp-json\/wp\/v2\/product_brand?post=8090"},{"taxonomy":"product_cat","embeddable":true,"href":"https:\/\/valuealati.servis-jelic.hr\/index.php\/wp-json\/wp\/v2\/product_cat?post=8090"},{"taxonomy":"product_tag","embeddable":true,"href":"https:\/\/valuealati.servis-jelic.hr\/index.php\/wp-json\/wp\/v2\/product_tag?post=8090"}],"curies":[{"name":"wp","href":"https:\/\/api.w.org\/{rel}","templated":true}]}}