{"id":8167,"date":"2025-10-03T08:55:45","date_gmt":"2025-10-03T08:55:45","guid":{"rendered":"https:\/\/valuealati.servis-jelic.hr\/?post_type=product&#038;p=8167"},"modified":"2025-10-03T08:55:45","modified_gmt":"2025-10-03T08:55:45","slug":"vaga-value-ves-100a-100kg","status":"publish","type":"product","link":"https:\/\/valuealati.servis-jelic.hr\/index.php\/proizvod\/vaga-value-ves-100a-100kg\/","title":{"rendered":"Vaga VALUE VES-100A 100kg"},"content":{"rendered":"<p>VALUE VES-100A je precizna elektronska vaga kapaciteta 100 kg, namijenjena radu s rashladnim sredstvima u servisima klimatizacije i rashladnih ure\u0111aja. Odlikuje se solidnom konstrukcijom, LCD zaslonom, visokom to\u010dno\u0161\u0107u i jednostavnim rukovanjem. Idealna je za punjenje i pra\u017enjenje rashladnih plinova s kontroliranim doziranjem.<\/p>\n<p>Glavne zna\u010dajke:<\/p>\n<ul>\n<li>Alarm pri zavr\u0161etku punjenja<\/li>\n<li>Mogu\u0107nost signalizacije \/ panela za definiranu koli\u010dinu rashladnog sredstva<\/li>\n<li>Protuklizni podstavek (anti-slip mat)<\/li>\n<\/ul>\n","protected":false},"excerpt":{"rendered":"<p>VALUE VES-100A je precizna elektronska vaga kapaciteta 100 kg, namijenjena radu s rashladnim sredstvima u servisima klimatizacije i rashladnih ure\u0111aja. Odlikuje se solidnom konstrukcijom, LCD zaslonom, visokom to\u010dno\u0161\u0107u i jednostavnim rukovanjem. Idealna je za punjenje i pra\u017enjenje rashladnih plinova s kontroliranim doziranjem. Glavne zna\u010dajke: Alarm pri zavr\u0161etku punjenja Mogu\u0107nost signalizacije \/ panela za definiranu koli\u010dinu [&hellip;]<\/p>\n","protected":false},"featured_media":8168,"comment_status":"open","ping_status":"closed","template":"","meta":[],"product_brand":[20],"product_cat":[207],"product_tag":[],"class_list":{"0":"post-8167","1":"product","2":"type-product","3":"status-publish","4":"has-post-thumbnail","6":"product_brand-value","7":"product_cat-elektronske-vage-value","9":"first","10":"instock","11":"sale","12":"shipping-taxable","13":"purchasable","14":"product-type-simple"},"jetpack_sharing_enabled":true,"_links":{"self":[{"href":"https:\/\/valuealati.servis-jelic.hr\/index.php\/wp-json\/wp\/v2\/product\/8167","targetHints":{"allow":["GET"]}}],"collection":[{"href":"https:\/\/valuealati.servis-jelic.hr\/index.php\/wp-json\/wp\/v2\/product"}],"about":[{"href":"https:\/\/valuealati.servis-jelic.hr\/index.php\/wp-json\/wp\/v2\/types\/product"}],"replies":[{"embeddable":true,"href":"https:\/\/valuealati.servis-jelic.hr\/index.php\/wp-json\/wp\/v2\/comments?post=8167"}],"wp:featuredmedia":[{"embeddable":true,"href":"https:\/\/valuealati.servis-jelic.hr\/index.php\/wp-json\/wp\/v2\/media\/8168"}],"wp:attachment":[{"href":"https:\/\/valuealati.servis-jelic.hr\/index.php\/wp-json\/wp\/v2\/media?parent=8167"}],"wp:term":[{"taxonomy":"product_brand","embeddable":true,"href":"https:\/\/valuealati.servis-jelic.hr\/index.php\/wp-json\/wp\/v2\/product_brand?post=8167"},{"taxonomy":"product_cat","embeddable":true,"href":"https:\/\/valuealati.servis-jelic.hr\/index.php\/wp-json\/wp\/v2\/product_cat?post=8167"},{"taxonomy":"product_tag","embeddable":true,"href":"https:\/\/valuealati.servis-jelic.hr\/index.php\/wp-json\/wp\/v2\/product_tag?post=8167"}],"curies":[{"name":"wp","href":"https:\/\/api.w.org\/{rel}","templated":true}]}}