{"id":8189,"date":"2025-10-03T09:49:58","date_gmt":"2025-10-03T09:49:58","guid":{"rendered":"https:\/\/valuealati.servis-jelic.hr\/?post_type=product&#038;p=8189"},"modified":"2025-10-03T09:49:59","modified_gmt":"2025-10-03T09:49:59","slug":"vaga-value-vrs-60i-01-60kg","status":"publish","type":"product","link":"https:\/\/valuealati.servis-jelic.hr\/index.php\/proizvod\/vaga-value-vrs-60i-01-60kg\/","title":{"rendered":"Vaga VALUE VRS-60i-01 60kg"},"content":{"rendered":"<p>VALUE VRS-60i-01 je be\u017ei\u010dna (Bluetooth) elektron\u00adska vaga za rashladne sustave, s kapacitetom do 60 kg. Omogu\u0107uje udaljeno o\u010ditavanje mase preko Bluetooth su\u010delja, signalizaciju postignute vrijednosti te precizno punjenje ili pra\u017enjenje rashladnog medija. Koristi se u servisnim radovima gdje je potrebna mobilnost i kontrola bez direktnog gledanja na vagu tijekom procesa.<\/p>\n<p>Glavne zna\u010dajke:<\/p>\n<p>\u25cf Neklizuju\u0107a mat podloga<br \/>\n\u25cf Signalizacija dosegnute postavljene mase<br \/>\n\u25cf Lagana konstrukcija i prenosivost<br \/>\n\u25cf Precizni senzor teretne \u0107elije<\/p>\n<p>&nbsp;<\/p>\n","protected":false},"excerpt":{"rendered":"<p>VALUE VRS-60i-01 je be\u017ei\u010dna (Bluetooth) elektron\u00adska vaga za rashladne sustave, s kapacitetom do 60 kg. Omogu\u0107uje udaljeno o\u010ditavanje mase preko Bluetooth su\u010delja, signalizaciju postignute vrijednosti te precizno punjenje ili pra\u017enjenje rashladnog medija. Koristi se u servisnim radovima gdje je potrebna mobilnost i kontrola bez direktnog gledanja na vagu tijekom procesa. Glavne zna\u010dajke: \u25cf Neklizuju\u0107a mat [&hellip;]<\/p>\n","protected":false},"featured_media":8181,"comment_status":"open","ping_status":"closed","template":"","meta":[],"product_brand":[20],"product_cat":[207],"product_tag":[],"class_list":{"0":"post-8189","1":"product","2":"type-product","3":"status-publish","4":"has-post-thumbnail","6":"product_brand-value","7":"product_cat-elektronske-vage-value","9":"first","10":"instock","11":"sale","12":"shipping-taxable","13":"purchasable","14":"product-type-simple"},"jetpack_sharing_enabled":true,"_links":{"self":[{"href":"https:\/\/valuealati.servis-jelic.hr\/index.php\/wp-json\/wp\/v2\/product\/8189","targetHints":{"allow":["GET"]}}],"collection":[{"href":"https:\/\/valuealati.servis-jelic.hr\/index.php\/wp-json\/wp\/v2\/product"}],"about":[{"href":"https:\/\/valuealati.servis-jelic.hr\/index.php\/wp-json\/wp\/v2\/types\/product"}],"replies":[{"embeddable":true,"href":"https:\/\/valuealati.servis-jelic.hr\/index.php\/wp-json\/wp\/v2\/comments?post=8189"}],"wp:featuredmedia":[{"embeddable":true,"href":"https:\/\/valuealati.servis-jelic.hr\/index.php\/wp-json\/wp\/v2\/media\/8181"}],"wp:attachment":[{"href":"https:\/\/valuealati.servis-jelic.hr\/index.php\/wp-json\/wp\/v2\/media?parent=8189"}],"wp:term":[{"taxonomy":"product_brand","embeddable":true,"href":"https:\/\/valuealati.servis-jelic.hr\/index.php\/wp-json\/wp\/v2\/product_brand?post=8189"},{"taxonomy":"product_cat","embeddable":true,"href":"https:\/\/valuealati.servis-jelic.hr\/index.php\/wp-json\/wp\/v2\/product_cat?post=8189"},{"taxonomy":"product_tag","embeddable":true,"href":"https:\/\/valuealati.servis-jelic.hr\/index.php\/wp-json\/wp\/v2\/product_tag?post=8189"}],"curies":[{"name":"wp","href":"https:\/\/api.w.org\/{rel}","templated":true}]}}