{"id":8249,"date":"2025-10-07T06:57:53","date_gmt":"2025-10-07T06:57:53","guid":{"rendered":"https:\/\/valuealati.servis-jelic.hr\/?post_type=product&#038;p=8249"},"modified":"2025-10-07T06:57:53","modified_gmt":"2025-10-07T06:57:53","slug":"punjac-za-vet-19li-value","status":"publish","type":"product","link":"https:\/\/valuealati.servis-jelic.hr\/index.php\/proizvod\/punjac-za-vet-19li-value\/","title":{"rendered":"Punja\u010d za VET-19Li VALUE"},"content":{"rendered":"<p data-start=\"107\" data-end=\"219\">Originalni Value punja\u010d namijenjen je za litij-ionske baterije kapaciteta 2 Ah (7,4 V) koje koriste alati:<\/p>\n<ul>\n<li data-start=\"222\" data-end=\"249\">flaring alat VET-19Li<\/li>\n<li data-start=\"252\" data-end=\"288\">be\u017ei\u010dni savija\u010d cijevi VTB-22L<\/li>\n<li data-start=\"291\" data-end=\"313\">expander VTE-29D<\/li>\n<\/ul>\n<p data-start=\"315\" data-end=\"512\">Omogu\u0107uje brzo punjenje u pribli\u017eno 35 minuta, uz ugra\u0111enu za\u0161titu od pregrijavanja i preoptere\u0107enja. Kompaktan i pouzdan, idealan je kao rezervni ili zamjenski punja\u010d za rad bez zastoja.<\/p>\n","protected":false},"excerpt":{"rendered":"<p>Originalni Value punja\u010d namijenjen je za litij-ionske baterije kapaciteta 2 Ah (7,4 V) koje koriste alati: flaring alat VET-19Li be\u017ei\u010dni savija\u010d cijevi VTB-22L expander VTE-29D Omogu\u0107uje brzo punjenje u pribli\u017eno 35 minuta, uz ugra\u0111enu za\u0161titu od pregrijavanja i preoptere\u0107enja. Kompaktan i pouzdan, idealan je kao rezervni ili zamjenski punja\u010d za rad bez zastoja.<\/p>\n","protected":false},"featured_media":8250,"comment_status":"open","ping_status":"closed","template":"","meta":[],"product_brand":[20],"product_cat":[211],"product_tag":[],"class_list":{"0":"post-8249","1":"product","2":"type-product","3":"status-publish","4":"has-post-thumbnail","6":"product_brand-value","7":"product_cat-rezervni-dijelovi-i-ostalo-value","9":"first","10":"instock","11":"sale","12":"shipping-taxable","13":"purchasable","14":"product-type-simple"},"jetpack_sharing_enabled":true,"_links":{"self":[{"href":"https:\/\/valuealati.servis-jelic.hr\/index.php\/wp-json\/wp\/v2\/product\/8249","targetHints":{"allow":["GET"]}}],"collection":[{"href":"https:\/\/valuealati.servis-jelic.hr\/index.php\/wp-json\/wp\/v2\/product"}],"about":[{"href":"https:\/\/valuealati.servis-jelic.hr\/index.php\/wp-json\/wp\/v2\/types\/product"}],"replies":[{"embeddable":true,"href":"https:\/\/valuealati.servis-jelic.hr\/index.php\/wp-json\/wp\/v2\/comments?post=8249"}],"wp:featuredmedia":[{"embeddable":true,"href":"https:\/\/valuealati.servis-jelic.hr\/index.php\/wp-json\/wp\/v2\/media\/8250"}],"wp:attachment":[{"href":"https:\/\/valuealati.servis-jelic.hr\/index.php\/wp-json\/wp\/v2\/media?parent=8249"}],"wp:term":[{"taxonomy":"product_brand","embeddable":true,"href":"https:\/\/valuealati.servis-jelic.hr\/index.php\/wp-json\/wp\/v2\/product_brand?post=8249"},{"taxonomy":"product_cat","embeddable":true,"href":"https:\/\/valuealati.servis-jelic.hr\/index.php\/wp-json\/wp\/v2\/product_cat?post=8249"},{"taxonomy":"product_tag","embeddable":true,"href":"https:\/\/valuealati.servis-jelic.hr\/index.php\/wp-json\/wp\/v2\/product_tag?post=8249"}],"curies":[{"name":"wp","href":"https:\/\/api.w.org\/{rel}","templated":true}]}}